{"id":644,"date":"2023-11-30T10:55:09","date_gmt":"2023-11-30T10:55:09","guid":{"rendered":"https:\/\/balanspunkten.nu\/?page_id=644"},"modified":"2026-03-03T10:07:35","modified_gmt":"2026-03-03T10:07:35","slug":"gefuhrte-kajaktouren","status":"publish","type":"page","link":"https:\/\/balanspunkten.nu\/de\/gefuhrte-kajaktouren\/","title":{"rendered":"Gefuhrte Kajaktouren"},"content":{"rendered":"<h3>Gefuhrte Touren<\/h3>\n<p><strong>Erlebe den Sch\u00e4rengarten vor Grundsund, buche f\u00fcr einen halben oder einen Tag.<\/strong><\/p>\n<p>Stell dir vor, du sitzt in deinem Kajak in netter Gesellschaft und siehst aus der Froschperspektive wie die runden Formen der Klippen lebendig werden. Weichheit und H\u00e4rte im Zusammenspiel, alles von den Kr\u00e4ften der Eiszeit geformt. Oder was h\u00e4lst du davon, in der D\u00fcnung au\u03b2erhalb der Sch\u00e4ren zu schaukeln und vielleicht Gesellschaft von Seehunden zu bekommen?<\/p>\n<h3><strong>Geplante 3 Stunden-Touren dieses Sommers<\/strong><\/h3>\n<p>Am Samstags vom 9\/05 bis 6\/06, am Dienstags, Donnerstags und Samstags vom 13\/06 bis 15\/08 und am Samstags wom 22\/08 bis 26\/09 nachmittags treffen wir uns am Steg um zusammen zu paddeln. Die Route w\u00e4hlen wir in Abh\u00e4ngigkeit vom Wetter, den Vorkenntnissen und der W\u00fcnsche der Teilnehmer. Es begleitet euch immer mindestens ein Guide. Start 14 Uhr am Steg, kleidet euch dem Wetter entsprechend. Kleidung zum Wechseln (falls ihr doch mal im Wasser landen solltet) sowie eine Trinkflasche nicht vergessen. Wir rechnen damit, gegen 17 Uhr zur\u00fcck zu kommen.<strong> Preis 950 SEK.<\/strong><\/p>\n<h3><strong>Geplante Tagestouren dieses Sommers, 6 Stunden mit Mittagessen<\/strong><\/h3>\n<p>Freitags bieten wir vom 20\/06 bis 15\/08\u00a0 gef\u00fchrte Tagestouren mit Mittagessen an. Die Tagestouren beginnen um 10 Uhr und wir kommen gegen 16 Uhr zur\u00fcck. Gegen Mittag machen wir eine Pause von ca eineinhalb Stunden.<br \/>\nIhr solltet eine Gruppe von mindestens 2 und h\u00f6chstens 8 Personen sein. Teilt uns bitte bei der Anmeldung mit, ob ihr Vorkenntnisse im Paddeln habt. Gleiches gilt f\u00fcr eventuelle Lebensmittelunvertr\u00e4glichkeiten. <strong>Preis 1550 SEK.<\/strong><\/p>\n<h3><strong>Spezialbuchungen<\/strong><\/h3>\n<p>Wenn ihr die einzigen G\u00e4ste auf unserer Tour sein wollt oder an eine anderen Tag oder zu einer anderen Zeit mit uns unterwegs sein wollt, lasst einfach von euch h\u00f6ren und schickt eine Anfrage an <a href=\"mailto:kontakt@balanspunkten.nu\">kontakt@balanspunkten.nu<\/a><\/p>\n<h3><strong>L\u00e4ngere gef\u00fchrte Touren<\/strong><\/h3>\n<p>Wir beim Kajakcenter Balanspunkt lieben es, mit dem Kajak auf Abenteuer im Sch\u00e4rengarten von Bohusl\u00e4n zu sein, gerne f\u00fcr mehrere Tage mit \u00dcbernachtung im Zelt. Daf\u00fcr bieten wir ma\u03b2geschneiderte Kajakpakete an, die von einem paddelerfahranen Guide, der \u00fcber gute Kenntnisse der lokalen Gegebenheiten verf\u00fcgt, gef\u00fchrt werden. Der Guide hilft bei der Wahl der Paddelroute, zeigt euch die sch\u00f6nsten Lagerplatzes, bereitet schmackhaftes Essen auf dem Gaskocher zu und gibt nat\u00fcrlich Tips zur Paddeltechnik bei unterschiedlichen Windverh\u00e4ltnssen.<br \/>\nW\u00e4hrend einer mehrt\u00e4gigen Tour wirst du dich sowohl zu einem besseren als auch gl\u00fccklicheren Paddler entwickeln. Wir sind flexibel und passen uns an die Gegebenheiten der Natur an, was die Grundlage f\u00fcr ein gutes Leben ist.<\/p>\n<p>Wir fordern dich und verbessern deine Paddelechnik wobei wir die Kr\u00e4fte der Natur zur Hilfe nehmen, und wir geniessen beides, die Bewegung und die Stille. Die Tage sind gef\u00fcllt von Aktivit\u00e4t, du triffs viele einfachen und manchmal auch wichtigen Entscheidungen, in den N\u00e4chten sch\u00e4fst du gut Schlaf nach der physischer Aktivit\u00e4t.<\/p>\n<p>Wir paddeln von Grundsund nach Str\u00f6mstad oder G\u00f6teborg, Umrunden die Insel Orust oder unsere eigene Insel, Skaft\u00f6. Bohusl\u00e4n im Kajak ist das Beste, das wr kennen! Ein Tag, 3 Tage oder 6 Tage. Oder vielleicht noch l\u00e4nger? Wer wei\u03b2! Wir lieben es, w\u00e4hrend der Touren zu zelten, f\u00fcr uns das T\u00fcpfelchen auf dem i.<\/p>\n<p>Bei den l\u00e4ngeren Touren ist es wichtig, da\u03b2 du gute Ausr\u00fcstung hast, auf die du dich verlassen kannst. Werfe einen Blick auf unsere Packlisten und z\u00f6gere nicht uns zu kontaktieren falls du unsicher bist, was du mitnehmen sollst. Gute und zweckm\u00e4ssige pers\u00f6nliche Ausr\u00fcstung ist das A und O f\u00fcr das Outdoor-Leben. Verkommpliziere es nicht, w\u00e4hl Naturmaterial. Denk dar\u00fcber nach, was f\u00fcr ein Typ du bist (K\u00e4lteempfindlich? Intensives schwitzen?) und welche Materialien W\u00e4re und Feuchtigkeit gut regulieren. Du wei\u03b2t nicht alles, noch nicht. Nimm nur das mit, von dem du annimmst, da\u03b2 du es unterwegs gut gebrauchen kannst und das Kajakabenteuer kann beginnen.<\/p>\n<p>&nbsp;<\/p>\n","protected":false},"excerpt":{"rendered":"<p>Unterwegs mit einen Guide &#8211; immer ein sch\u00f6nes Erlebnis<\/p>\n","protected":false},"author":2,"featured_media":717,"parent":0,"menu_order":0,"comment_status":"closed","ping_status":"closed","template":"","meta":{"_acf_changed":false,"inline_featured_image":false,"footnotes":""},"class_list":["post-644","page","type-page","status-publish","has-post-thumbnail","hentry"],"acf":[],"_links":{"self":[{"href":"https:\/\/balanspunkten.nu\/de\/wp-json\/wp\/v2\/pages\/644","targetHints":{"allow":["GET"]}}],"collection":[{"href":"https:\/\/balanspunkten.nu\/de\/wp-json\/wp\/v2\/pages"}],"about":[{"href":"https:\/\/balanspunkten.nu\/de\/wp-json\/wp\/v2\/types\/page"}],"author":[{"embeddable":true,"href":"https:\/\/balanspunkten.nu\/de\/wp-json\/wp\/v2\/users\/2"}],"replies":[{"embeddable":true,"href":"https:\/\/balanspunkten.nu\/de\/wp-json\/wp\/v2\/comments?post=644"}],"version-history":[{"count":13,"href":"https:\/\/balanspunkten.nu\/de\/wp-json\/wp\/v2\/pages\/644\/revisions"}],"predecessor-version":[{"id":799,"href":"https:\/\/balanspunkten.nu\/de\/wp-json\/wp\/v2\/pages\/644\/revisions\/799"}],"wp:featuredmedia":[{"embeddable":true,"href":"https:\/\/balanspunkten.nu\/de\/wp-json\/wp\/v2\/media\/717"}],"wp:attachment":[{"href":"https:\/\/balanspunkten.nu\/de\/wp-json\/wp\/v2\/media?parent=644"}],"curies":[{"name":"wp","href":"https:\/\/api.w.org\/{rel}","templated":true}]}}

<h3>Gefuhrte Touren</h3>
<p><strong>Erlebe den Schärengarten vor Grundsund, buche für einen halben oder einen Tag.</strong></p>
<p>Stell dir vor, du sitzt in deinem Kajak in netter Gesellschaft und siehst aus der Froschperspektive wie die runden Formen der Klippen lebendig werden. Weichheit und Härte im Zusammenspiel, alles von den Kräften der Eiszeit geformt. Oder was hälst du davon, in der Dünung auβerhalb der Schären zu schaukeln und vielleicht Gesellschaft von Seehunden zu bekommen?</p>
<h3><strong>Geplante 3 Stunden-Touren dieses Sommers</strong></h3>
<p>Am Samstags vom 9/05 bis 6/06, am Dienstags, Donnerstags und Samstags vom 13/06 bis 15/08 und am Samstags wom 22/08 bis 26/09 nachmittags treffen wir uns am Steg um zusammen zu paddeln. Die Route wählen wir in Abhängigkeit vom Wetter, den Vorkenntnissen und der Wünsche der Teilnehmer. Es begleitet euch immer mindestens ein Guide. Start 14 Uhr am Steg, kleidet euch dem Wetter entsprechend. Kleidung zum Wechseln (falls ihr doch mal im Wasser landen solltet) sowie eine Trinkflasche nicht vergessen. Wir rechnen damit, gegen 17 Uhr zurück zu kommen.<strong> Preis 950 SEK.</strong></p>
<h3><strong>Geplante Tagestouren dieses Sommers, 6 Stunden mit Mittagessen</strong></h3>
<p>Freitags bieten wir vom 20/06 bis 15/08  geführte Tagestouren mit Mittagessen an. Die Tagestouren beginnen um 10 Uhr und wir kommen gegen 16 Uhr zurück. Gegen Mittag machen wir eine Pause von ca eineinhalb Stunden.<br />
Ihr solltet eine Gruppe von mindestens 2 und höchstens 8 Personen sein. Teilt uns bitte bei der Anmeldung mit, ob ihr Vorkenntnisse im Paddeln habt. Gleiches gilt für eventuelle Lebensmittelunverträglichkeiten. <strong>Preis 1550 SEK.</strong></p>
<h3><strong>Spezialbuchungen</strong></h3>
<p>Wenn ihr die einzigen Gäste auf unserer Tour sein wollt oder an eine anderen Tag oder zu einer anderen Zeit mit uns unterwegs sein wollt, lasst einfach von euch hören und schickt eine Anfrage an <a href="mailto:kontakt@balanspunkten.nu">kontakt@balanspunkten.nu</a></p>
<h3><strong>Längere geführte Touren</strong></h3>
<p>Wir beim Kajakcenter Balanspunkt lieben es, mit dem Kajak auf Abenteuer im Schärengarten von Bohuslän zu sein, gerne für mehrere Tage mit Übernachtung im Zelt. Dafür bieten wir maβgeschneiderte Kajakpakete an, die von einem paddelerfahranen Guide, der über gute Kenntnisse der lokalen Gegebenheiten verfügt, geführt werden. Der Guide hilft bei der Wahl der Paddelroute, zeigt euch die schönsten Lagerplatzes, bereitet schmackhaftes Essen auf dem Gaskocher zu und gibt natürlich Tips zur Paddeltechnik bei unterschiedlichen Windverhältnssen.<br />
Während einer mehrtägigen Tour wirst du dich sowohl zu einem besseren als auch glücklicheren Paddler entwickeln. Wir sind flexibel und passen uns an die Gegebenheiten der Natur an, was die Grundlage für ein gutes Leben ist.</p>
<p>Wir fordern dich und verbessern deine Paddelechnik wobei wir die Kräfte der Natur zur Hilfe nehmen, und wir geniessen beides, die Bewegung und die Stille. Die Tage sind gefüllt von Aktivität, du triffs viele einfachen und manchmal auch wichtigen Entscheidungen, in den Nächten schäfst du gut Schlaf nach der physischer Aktivität.</p>
<p>Wir paddeln von Grundsund nach Strömstad oder Göteborg, Umrunden die Insel Orust oder unsere eigene Insel, Skaftö. Bohuslän im Kajak ist das Beste, das wr kennen! Ein Tag, 3 Tage oder 6 Tage. Oder vielleicht noch länger? Wer weiβ! Wir lieben es, während der Touren zu zelten, für uns das Tüpfelchen auf dem i.</p>
<p>Bei den längeren Touren ist es wichtig, daβ du gute Ausrüstung hast, auf die du dich verlassen kannst. Werfe einen Blick auf unsere Packlisten und zögere nicht uns zu kontaktieren falls du unsicher bist, was du mitnehmen sollst. Gute und zweckmässige persönliche Ausrüstung ist das A und O für das Outdoor-Leben. Verkommpliziere es nicht, wähl Naturmaterial. Denk darüber nach, was für ein Typ du bist (Kälteempfindlich? Intensives schwitzen?) und welche Materialien Wäre und Feuchtigkeit gut regulieren. Du weiβt nicht alles, noch nicht. Nimm nur das mit, von dem du annimmst, daβ du es unterwegs gut gebrauchen kannst und das Kajakabenteuer kann beginnen.</p>
<p>&nbsp;</p>

<p>Unterwegs mit einen Guide &#8211; immer ein schönes Erlebnis</p>
